{"id":110,"date":"2020-11-03T10:56:03","date_gmt":"2020-11-03T10:56:03","guid":{"rendered":"https:\/\/ausstellungen.peterweisshaus.de\/?page_id=110"},"modified":"2022-08-01T09:19:16","modified_gmt":"2022-08-01T09:19:16","slug":"dank","status":"publish","type":"page","link":"https:\/\/ausstellungen.peterweisshaus.de\/index.php\/kunst-gegen-den-stillstand\/dank\/","title":{"rendered":"Dank"},"content":{"rendered":"\n<p><strong>Kunst gegen den Stillstand war eine Kooperation des Peter-Weiss-Haus e.V. mit  dem Landesverband Soziokultur MV e.V.<\/strong><\/p>\n\n\n\n<figure class=\"wp-block-image size-large is-resized is-style-default\"><img loading=\"lazy\" decoding=\"async\" src=\"https:\/\/ausstellungen.peterweisshaus.de\/wp-content\/uploads\/2020\/11\/logo_soziokultur-mv-01-1024x773.png\" alt=\"\" class=\"wp-image-155\" width=\"222\" height=\"168\" srcset=\"https:\/\/ausstellungen.peterweisshaus.de\/wp-content\/uploads\/2020\/11\/logo_soziokultur-mv-01-1024x773.png 1024w, https:\/\/ausstellungen.peterweisshaus.de\/wp-content\/uploads\/2020\/11\/logo_soziokultur-mv-01-300x226.png 300w, https:\/\/ausstellungen.peterweisshaus.de\/wp-content\/uploads\/2020\/11\/logo_soziokultur-mv-01-768x580.png 768w, https:\/\/ausstellungen.peterweisshaus.de\/wp-content\/uploads\/2020\/11\/logo_soziokultur-mv-01-1536x1160.png 1536w, https:\/\/ausstellungen.peterweisshaus.de\/wp-content\/uploads\/2020\/11\/logo_soziokultur-mv-01-2048x1546.png 2048w, https:\/\/ausstellungen.peterweisshaus.de\/wp-content\/uploads\/2020\/11\/logo_soziokultur-mv-01-973x735.png 973w, https:\/\/ausstellungen.peterweisshaus.de\/wp-content\/uploads\/2020\/11\/logo_soziokultur-mv-01-508x384.png 508w\" sizes=\"auto, (max-width: 222px) 100vw, 222px\" \/><\/figure>\n\n\n\n<p><\/p>\n\n\n\n<p><strong>Wir danken au\u00dferdem den weiteren Unterst\u00fctzer:innen<\/strong><\/p>\n\n\n\n<p>Kunstverein zu  Rostock e.V.<\/p>\n\n\n\n<p>Heinrich B\u00f6ll Stiftung Mecklenburg-Vorpommern<\/p>\n\n\n\n<p>Christian, Faber, Norman, Relana &amp; Josh<\/p>\n\n\n\n<p><\/p>\n\n\n\n<p><\/p>\n\n\n\n<p><\/p>\n","protected":false},"excerpt":{"rendered":"<p>Kunst gegen den Stillstand war eine Kooperation des Peter-Weiss-Haus e.V. mit dem Landesverband Soziokultur MV e.V. Wir danken au\u00dferdem den weiteren Unterst\u00fctzer:innen Kunstverein zu Rostock e.V. Heinrich B\u00f6ll&#8230;<\/p>\n","protected":false},"author":2,"featured_media":0,"parent":104,"menu_order":0,"comment_status":"closed","ping_status":"closed","template":"","meta":{"footnotes":""},"class_list":["post-110","page","type-page","status-publish","hentry"],"_links":{"self":[{"href":"https:\/\/ausstellungen.peterweisshaus.de\/index.php\/wp-json\/wp\/v2\/pages\/110","targetHints":{"allow":["GET"]}}],"collection":[{"href":"https:\/\/ausstellungen.peterweisshaus.de\/index.php\/wp-json\/wp\/v2\/pages"}],"about":[{"href":"https:\/\/ausstellungen.peterweisshaus.de\/index.php\/wp-json\/wp\/v2\/types\/page"}],"author":[{"embeddable":true,"href":"https:\/\/ausstellungen.peterweisshaus.de\/index.php\/wp-json\/wp\/v2\/users\/2"}],"replies":[{"embeddable":true,"href":"https:\/\/ausstellungen.peterweisshaus.de\/index.php\/wp-json\/wp\/v2\/comments?post=110"}],"version-history":[{"count":6,"href":"https:\/\/ausstellungen.peterweisshaus.de\/index.php\/wp-json\/wp\/v2\/pages\/110\/revisions"}],"predecessor-version":[{"id":179,"href":"https:\/\/ausstellungen.peterweisshaus.de\/index.php\/wp-json\/wp\/v2\/pages\/110\/revisions\/179"}],"up":[{"embeddable":true,"href":"https:\/\/ausstellungen.peterweisshaus.de\/index.php\/wp-json\/wp\/v2\/pages\/104"}],"wp:attachment":[{"href":"https:\/\/ausstellungen.peterweisshaus.de\/index.php\/wp-json\/wp\/v2\/media?parent=110"}],"curies":[{"name":"wp","href":"https:\/\/api.w.org\/{rel}","templated":true}]}}